ase 12
-48051
-1202210111001 (base 3) to base 4
-3211223122
Convert -417141 (base 10) to base 3.
-210012012200
Convert -665866 (base 10) to base 14.
-13493c
-56994 (base 11) to base 5
-10114013
Convert -10821117 (base 9) to base 6.
-304534541
Convert 1110010000111001100 (base 2) to base 12.
1a65a4
-2021201121200 (base 3) to base 10
-1214964
Convert 21331003001 (base 4) to base 5.
1131444340
Convert -12032453 (base 6) to base 7.
-3132204
What is 146530 (base 7) in base 3?
1110102021
What is -33069 (base 16) in base 5?
-23142001
What is -32b4dd (base 14) in base 9?
-3213361
Convert -33210342 (base 5) to base 7.
-2310204
What is -983020 (base 11) in base 8?
-5773452
bb623 (base 13) to base 8
1226665
1012000211102 (base 3) to base 6
21302445
What is 2120211230 (base 4) in base 7?
5212112
What is -320203220312 (base 4) in base 13?
-30c1406
What is -202660421 (base 7) in base 2?
-101101010100011110100111
Convert -19ccb (base 16) to base 12.
-511a3
2332211002 (base 4) to base 12
3178aa
What is -35137461 (base 8) in base 15?
-a11eeb
-3461321 (base 7) to base 9
-732738
431144032 (base 5) to base 4
12330000102
Convert -2022733 (base 9) to base 11.
-676a64
What is 60534 (base 9) in base 10?
39802
What is 1360505 (base 11) in base 5?
1044440140
What is -100110101221220 (base 3) in base 5?
-2241332104
-264057 (base 8) to base 15
-1c4c2
Convert 64b8c (base 15) to base 14.
847cd
Convert 1124991 (base 10) to base 13.
30509a
Convert -2331023214 (base 5) to base 13.
-1147c44
327624 (base 8) to base 12
53b30
Convert -1506304 (base 11) to base 7.
-30654636
Convert -53071 (base 10) to base 6.
-1045411
202103100 (base 4) to base 2
100010010011010000
Convert -121012001010 (base 3) to base 16.
-4dc8b
11215343 (base 6) to base 14
8d863
-375473 (base 8) to base 13
-47147
What is 31620153 (base 7) in base 15?
383359
Convert -2330331 (base 6) to base 3.
-20010111201
-26d6b (base 16) to base 4
-212311223
Convert -101200100021 (base 3) to base 15.
-42437
What is -2ab484 (base 15) in base 10?
-2063149
What is -6490765 (base 10) in base 15?
-8832ca
Convert -345260 (base 8) to base 2.
-11100101010110000
Convert 100501514 (base 6) to base 14.
32a5ca
What is 36757 (base 8) in base 3?
210202020
Convert -101110100011000000 (base 2) to base 10.
-190656
What is -4c458a (base 16) in base 6?
-255045214
What is -1ab74b (base 13) in base 14?
-13a92c
What is -103160 (base 7) in base 8?
-43007
What is 3111102 (base 5) in base 6?
1031025
Convert -1a6d6 (base 15) to base 2.
-10100111110100110
What is -12033232033 (base 4) in base 6?
-55031531
What is 258770 (base 9) in base 10?
157365
-6a4289 (base 13) to base 11
-14732aa
What is -12d2d9 (base 14) in base 6?
-21541251
Convert -10024400400 (base 5) to base 16.
-988aaf
Convert -4543044 (base 6) to base 13.
-81403
Convert -1ac5b8 (base 13) to base 6.
-22355515
Convert 110100001001010111 (base 2) to base 5.
23313331
What is -1022110222121 (base 3) in base 15?
-dbdd1
-1000101000001101100111 (base 2) to base 7
-25140232
Convert -234243 (base 5) to base 16.
-21fa
What is 31260 (base 16) in base 14?
53516
-d6559 (base 16) to base 11
-54a653
2222201311 (base 4) to base 10
698485
3364ce (base 16) to base 3
20100010020000
Convert db9b (base 14) to base 7.
215454
-31519 (base 13) to base 12
-43437
Convert 13556154 (base 7) to base 13.
358260
-10011001011001001100010 (base 2) to base 16
-4cb262
Convert 200002222021 (base 3) to base 12.
152351
What is 130111330 (base 5) in base 11?
39a607
-52475447 (base 8) to base 2
-101010100111101100100111
a56816 (base 13) to base 6
214542000
-6450536 (base 7) to base 4
-2333233313
Convert -2422231 (base 6) to base 4.
-133020223
-22310231 (base 5) to base 15
-3d811
Convert 5793b (base 12) to base 2.
11100100101111111
What is -14157717 (base 9) in base 11?
-3a55a0a
3954868 (base 11) to base 12
2360595
What is 34434211 (base 6) in base 8?
4032737
a9a4b (base 14) to base 3
202212121220
Convert -7b15b (base 15) to base 5.
-100014221
Convert -31874336 (base 9) to base 8.
-72601603
Convert 1014415 (base 6) to base 9.
74152
179475 (base 12) to base 9
684618
Convert 1113011030 (base 4) to base 14.
93db6
8a118 (base 11) to base 6
2444310
What is 28266760 (base 9) in base 12?
4822299
What is -108471 (base 10) in base 15?
-22216
-2401 (base 8) to base 10
-1281
11102012120 (base 3) to base 7
511233
-279984 (base 10) to base 13
-9a593
Convert -a9234 (base 11) to base 3.
-22001122121
2291c19 (base 13) to base 9
22043306
344d98 (base 14) to base 7
21064551
-8eb20 (base 15) to base 16
-6f063
14888614 (base 9) to base 7
120144541
What is -10ba04 (base 16) in base 12?
-44a458
413313100 (base 5) to base 8
6364154
What is -606364 (base 8) in base 7?
-1461604
104cc (base 16) to base 10
66764
Convert 1203403243 (base 5) to base 10.
2794198
Convert -223432404 (base 5) to base 15.
-14b06e
Convert -1021011212221 (base 3) to base 8.
-2442020
Convert 617659 (base 11) to base 9.
1770421
Convert -4b84cd (base 14) to base 13.
-6cbc80
-12ac731 (base 13) to base 11
-3358751
51a3b4 (base 15) to base 2
1110110011110001101110
Convert -2f2d71 (base 16) to base 7.
-35165032
Convert -3038322 (base 10) to base 8.
-13456162
What is 298d4 (base 15) in base 7?
1064401
Convert 1026b9 (base 12) to base 7.
2103315
Convert 86424 (base 14) to base 5.
40341413
Convert 473044 (base 8) to base 2.
100111011000100100
Convert -114947 (base 10) to base 15.
-240d2
What is 11598 (base 13) in base 10?
31728
Convert 12114424 (base 5) to base 12.
559a3
-120022020121 (base 3) to base 12
-126407
-26458 (base 12) to base 15
-1083e
What is 490670 (base 13) in base 7?
20550404
Convert -91d9a5 (base 16) to base 3.
-122222121201012
-746154 (base 12) to base 5
-432212334
-3053425 (base 9) to base 12
-667112
-25d47b (base 15) to base 4
-12323202332
What is -35251341 (base 6) in base 12?
-449b51
Convert 622561 (base 7) to base 12.
5184a
Convert 1041401 (base 6) to base 14.
15049
130331221321 (base 4) to base 11
4316456
Convert -202303130 (base 6) to base 8.
-15206136
What is -808089 (base 11) in base 2?
-100111101001011010001
20122031131 (base 4) to base 12
8a3911
104132 (base 5) to base 13
1891
Convert 23310412 (base 7) to base 11.
1182549
What is 1433522 (base 8) in base 9?
680732
What is 230 (base 15) in base 10?
495
What is -131202130000 (base 4) in base 2?
-11101100010011100000000
-23837 (base 9) to base 5
-1002431
Convert -101012211121002 (base 3) to base 14.
-a1486d
What is 627788 (base 10) in base 4?
2121101030
Convert e21926 (base 15) to base 11.
6074630
What is 2333012334 (base 5) in base 9?
11070007
What is -3298259 (base 11) in base 7?
-100060610
What is 12465633 (base 7) in base 16?
116eec
Convert -9372e (base 16) to base 5.
-123311300
-1435323 (base 12) to base 16
-3dd68b
2d244 (base 16) to base 3
100101122011
What is -4521253 (base 6) in base 14?
-5d357
What is 1215036 (base 7) in base 13?
55974
-6324652 (base 7) to base 4
-2322033010
What is 1110102121222 (base 3) in base 15?
104e5e
300323121 (base 6) to base 2
10011010100101011111001
-23247136 (base 8) to base 6
-300331130
Convert 110011100001101011101 (base 2) to base 9.
3153054
6275364 (base 8) to base 2
110010111101011110100
What is 484639 (base 13) in base 7?
20435545
Convert -23322012 (base 5) to base 14.
-57dc3
Convert 33021321 (base 4) to base 3.
10011011000
Convert -4a2249 (base 12) to base 2.
-100100110100011011001
Convert -667372 (base 8) to base 11.
-144072
-165b2 (base 14) to base 9
-84750
What is 9e9c (base 15) in base 5?
2034142
Convert -b7632 (base 12) to base 14.
-63c10
13214a (base 15) to base 7
10543150
-13051888 (base 9) to base 6
-345231042
Convert -261515 (base 8) to base 14.
-2520d
Convert -887573 (base 9) to base 7.
-4336341
-35452255 (base 6) to base 14
-20cd63
2354771 (base 9) to base 2
100110111100111011101
What is -20621612 (base 7) in base 12?
-706828
What is -16080137 (base 9) in base 6?
-443553054
-13fde1 (base 16) to base 15
-1ad302
What is -10100100101000011001 (base 2) in base 10?
-674329
-2762624 (base 11) to base 5
-2204333424
Convert 350be5 (base 15) to base 3.
11202201220122
-1110126 (base 8) to base 5
-34032334
1010000021012 (base 3) to base 8
2201534
What is -3011511 (base 7) in base 6?
-11343520
What is 5bd67 (base 16) in base 5?
44014132
Convert -53a5a (base 13) to base 15